he remainder when p(6) is divided by r(-5)?
12
Let i(l) = -42*l - 7. What is the remainder when 209 is divided by i(-1)?
34
Suppose 51*r = 43*r + 64. Calculate the remainder when 173 is divided by r.
5
Let u(z) = 2*z**3 - z**2 - 5*z + 4. Let p = 744 + -737. Calculate the remainder when u(3) is divided by p.
6
Suppose 6*a - 3*g + 1 = 7*a, 29 = -5*a + 2*g. Let x(d) = d**2 - 4*d - 13. Calculate the remainder when 126 is divided by x(a).
30
Suppose -23*v = 5*w - 20*v - 96, 5*v - 10 = 0. Calculate the remainder when 251 is divided by w.
17
Let j be (-3 - 1)*57/(-6). Let c = -66 + 55. Let r = c + j. Calculate the remainder when r is divided by 10.
7
Let l = -141 + 362. Calculate the remainder when l is divided by 74.
73
Suppose 5*m + 4*i - 38 = 0, -m + 40 = 4*m + 5*i. Suppose 0 = -4*q - 2*r, 0*q + 3*q - 3*r = 0. What is the remainder when (q - 2)*2*-2 is divided by m?
2
Suppose -230 = 15*f - 530. What is the remainder when f is divided by 19?
1
Let j = 617 + -584. Let a(f) = 2*f**2 - 5*f. What is the remainder when j is divided by a(4)?
9
Let r(o) = o**2 + 7*o - 7. Let u(x) = x**3 + 14*x**2 - 18*x + 24. What is the remainder when u(-15) is divided by r(-11)?
32
Let f(w) = w**2 - 2*w + 5. What is the remainder when 4/14 + (-2795)/(-91) is divided by f(3)?
7
Let h = 35 + -41. Let o = -31 - h. Let u = -21 - o. What is the remainder when 15 is divided by u?
3
Let f = 2 + 4. Let o(u) = -u**3 + 5*u**2 + 7*u - 3. Let z be o(f). Suppose -z = -r - 0. What is the remainder when r is divided by 1?
0
Let f(o) = -3*o**2 - 14*o - 6. Let u be f(-4). Suppose u*z - 9 = 103. Calculate the remainder when z is divided by 19.
18
Calculate the remainder when 99 is divided by (-9)/6*170/(-3 - 2).
48
Let t(o) = -o + 2. Let n be t(-2). Suppose -n*u = -u - 21. What is the remainder when 40 is divided by u?
5
Let c(o) = 14*o**2 - 22*o**2 - 2*o + 11*o**2 + o**3. What is the remainder when c(4) is divided by 21?
20
What is the remainder when 379 is divided by (-3112)/(-40) + (-24)/30?
71
Let d be (-4)/16 - (-586)/8. Let a = d + -65. Calculate the remainder when (-2)/4 - 154/(-4) is divided by a.
6
Suppose 22 = 3*c + 7. Suppose -c*r + 42 = r. Suppose -3*t - 10 = -22. Calculate the remainder when r is divided by t.
3
Let w = 41 - 24. Let g = 571 + -472. What is the remainder when g is divided by w?
14
Suppose -11*u = -10*u - 19. What is the remainder when (2 + 30)*(-4 + 6) is divided by u?
7
Let y = -152 + 227. Calculate the remainder when y is divided by 13.
10
Suppose -13*d + 8*d = -10. Suppose -6*a + 8 = -22. Suppose -4*b = -d*f + 54, 0*f - a*b = -3*f + 79. What is the remainder when f is divided by 12?
11
Suppose -55*j + 62*j - 819 = 0. What is the remainder when j is divided by 16?
5
Let o(a) = -33*a**2 + 0*a + 1 + 3 + 35*a**2 - 2*a. Calculate the remainder when 81 is divided by o(4).
25
Let f(w) = w**2 - 23*w - 17. Let m be f(24). Suppose -108 = -m*o + o. What is the remainder when 141 is divided by o?
15
Suppose 2*t + 2*w + 0*w - 160 = 0, 3*t + 5*w = 248. Suppose 11*p + t = 13*p. What is the remainder when p is divided by 20?
18
Let w = -10 - -13. Suppose -w*h - h = -12. Suppose f = 2*f + 4*g - 11, -h*g + 3 = 0. Calculate the remainder when 11 is divided by f.
4
Suppose 0 = 5*w - x - 341, -w + x = 2*w - 203. What is the remainder when w is divided by 39?
30
Let r(b) = -b**3 - 2*b**2 + 6*b - 5. Let l be r(-5). Let j = -29 + l. Let d(p) = 13*p + 5. Calculate the remainder when d(2) is divided by j.
9
Suppose -751 - 89 = -4*b. Suppose b = 3*p - 4*y, y = -3*p + 75 + 150. What is the remainder when p is divided by (2/21 - (-5824)/588) + 15?
24
Suppose -648 = -541*b + 533*b. Calculate the remainder when b is divided by 12.
9
Suppose 2*d = 5*h - 2*d - 21, 4*h + 3*d = -8. Suppose -2*s = 2, -s - s = 2*r - 6. Calculate the remainder when r/(-10) + 323/95 is divided by h.
0
What is the remainder when (-94)/(-9 - (2 - 9)) is divided by 6?
5
Let h be 4 + (-12)/3 + (-10 - -10). Suppose 5 = -5*w + 4*z, 0*z + 9 = -2*w + 3*z. Suppose h = -w*b + b + 50. What is the remainder when b is divided by 13?
12
Suppose 5*v - 20 = 3*v. Calculate the remainder when 307 is divided by v.
7
Suppose 8 = -4*v + 2*n + 66, -3*n - 3 = 0. Calculate the remainder when v is divided by 10.
4
Suppose 2*z = -2*z. Let t = 7 - z. Let o(f) = 4*f**2 - 7*f - 17. Calculate the remainder when o(-2) is divided by t.
6
Let v = -417 + 435. What is the remainder when 138 is divided by v?
12
Let d(i) = 21*i**2 - 2*i + 2. Let p(s) = 3*s - 4. Let n be p(3). Suppose j - 3*l = 0, 5*j - n*l + l - 22 = 0. Calculate the remainder when d(1) is divided by j.
3
Let t = 19 + 1. Calculate the remainder when (-1)/3 + 2130/18 is divided by t.
18
Let p be (-19)/(-6) - (-5)/(-30). Let t(w) = w**2 + w - 2. Calculate the remainder when 39 is divided by t(p).
9
Let o(n) = -n**3 - 3*n**2 - 9*n - 42. Suppose 5*f - 2*f - 5*i + 2 = 0, -5*f = -4*i + 12. What is the remainder when 38 is divided by o(f)?
8
Suppose 5*s = u + 328, -4*s + 10*u = 6*u - 272. Calculate the remainder when s is divided by 61.
4
Suppose -2*r - 4*s = -6 + 2, 5*r + s = -26. Let y(o) = 5*o - 15. Let v be y(r). What is the remainder when 4/30 - 2964/v is divided by 34?
32
Let w = 728 - 704. Calculate the remainder when 62 is divided by w.
14
Let n = -1249 + 1325. Calculate the remainder when 298 is divided by n.
70
Let p be (-5)/20 - (-1937)/4. Let j be (p/110)/((-2)/20). Let z = j - -65. Calculate the remainder when 80 is divided by z.
17
Let z = -69 + 110. Suppose z = 4*d - 15. What is the remainder when 53 is divided by d?
11
Let t = 294 - 243. What is the remainder when t is divided by 8?
3
Suppose -18*o + 14*o = -356. Suppose 2*k = -n + k + o, -5*k - 395 = -5*n. Calculate the remainder when n is divided by 22.
18
Suppose -21 = 3*x - 4*t - 64, -2*x - 3*t = -6. What is the remainder when x is divided by 5?
4
Let i = -9 - -66. Suppose 0 = f + 7*f + 144. Calculate the remainder when i is divided by 4/f + ((-1644)/27)/(-4).
12
Let d = 29 - 21. Let j be -38 - ((-2)/(-2) - -1). Let w = j + 62. Calculate the remainder when w is divided by d.
6
Suppose d = -b - 0*d + 1, 2*b - 2 = 5*d. Suppose 4*g - 7 = b. Calculate the remainder when 68 is divided by (g - -5)/(1/2).
12
Let z = 27 + 1. Let r = 47 - 37. Suppose 0 = -0*i + r*i - 150. Calculate the remainder when z is divided by i.
13
Let u be 0 + (4 - -1) + -3. Suppose -c = -u*c. Suppose 3*q = 0, k - q = -c*k + 35. What is the remainder when k is divided by 12?
11
Suppose 11*h = 5*h + 126. Let b = 55 - h. Calculate the remainder when 133 is divided by b.
31
Calculate the remainder when 456 is divided by 6/(-21) + 23016/294.
66
Let o(a) = 52*a + 77. Calculate the remainder when 920 is divided by o(-1).
20
Let a = -28 + 22. Suppose -6 = -x + 2. Calculate the remainder when (-279)/(-21) + a/21 is divided by x.
5
Let d = -482 - -323. Calculate the remainder when (-1)/2 + d/6*-1 is divided by 7.
5
Let z(t) = 4*t + 98. Suppose -x - 3*i + i + 36 = 0, -4*x + 162 = -i. Calculate the remainder when z(15) is divided by x.
38
Let v = 102 + -96. Let u(l) = 10*l - 23. Calculate the remainder when u(v) is divided by 14.
9
Let j = -11 + 17. Let f = 9 - 11. What is the remainder when ((-102)/(-24))/(f/(-8)) is divided by j?
5
Suppose 12*p - 6*p = 246. Calculate the remainder when p is divided by 12.
5
Calculate the remainder when 605 is divided by (-14337)/(-189) - ((-3)/21 - 0).
73
Let o = -11 - -15. Let j(c) = 161*c + 1138. Calculate the remainder when j(-7) is divided by o.
3
Suppose 42*p = 43*p + 1, -5*p + 346 = 3*k. What is the remainder when k is divided by 20?
17
Let n = 43 - -31. Let s(v) = -10*v + 6. Calculate the remainder when n is divided by s(-2).
22
Suppose 5*d = o + 22, 2*d - o = -2*d + 18. Let z = d + 3. Suppose -j - 38 = -2*l, l - 19 = 5*j - 2*j. Calculate the remainder when l is divided by z.
5
Let d(i) = i**3 + 6*i**2 + 4*i + 2. Let f be d(-2). Suppose 4*g + 3*q - 98 = -2*q, f = 5*q. What is the remainder when 36 is divided by g?
14
Suppose 2*h - q = 228, 3*q = 6*q - 6. What is the remainder when h is divided by 60?
55
Let z = 176 + -144. Calculate the remainder when z is divided by (8 + 1)/3 - -6.
5
Let c = 230 - -13. Suppose -5*h = -4*s - 550, s = -2*h + h + 119. Suppose -7*z = -c - h. What is the remainder when z is divided by 1